- -4 - (-66)/3. What is the highest common divisor of k and 77?
11
Let x(b) = -3*b**3 - 7*b**2 + 3*b + 3. Let k be x(-3). Let f = -2 + k. Let p(y) = -5*y. Let j be p(-2). What is the highest common divisor of f and j?
10
Suppose 78 - 384 = -34*w. Suppose 18 = -0*o + o. Calculate the highest common divisor of w and o.
9
Let x(c) = 7*c**2 - c - 4. Let n = 28 + -30. Let w be x(n). What is the greatest common divisor of 65 and w?
13
Let i(q) = q + 27. Let u = 19 + -30. Let o be i(u). Calculate the highest common factor of 112 and o.
16
Suppose 20 = 5*v, -4*v - 4 = z - 5*z. Let s be (-8)/(-6)*3/(-2). Let l be (s - 18)*6/(-8). What is the greatest common divisor of z and l?
5
Suppose -3*u + 5*j = -1932 - 725, -4*u + 3550 = -3*j. Calculate the highest common divisor of 254 and u.
127
Let t = 47 - 31. Suppose 5*j - 4 = t. Suppose g - 5*y - 26 = -0, -2*g = -j*y - 34. What is the highest common factor of 88 and g?
11
Let i be -3*((4 - 6) + (-326)/3). Let z = i + -237. Calculate the greatest common factor of 19 and z.
19
Suppose w + 53 = 5*w + 5*h, w + 4*h = 16. Suppose -13*a = -w*a - 93. Calculate the highest common divisor of 31 and a.
31
Let k(p) = 3*p - 8. Let n be k(7). Suppose -n = -3*u - 1. Suppose -5*c + 29 = 2*h, -5*h = -0*h + u*c - 81. What is the greatest common factor of h and 187?
17
Suppose 2*c = -3*c + 4*i + 8, -10 = -5*c + 5*i. Suppose 0*w + 5*w - 60 = c. Calculate the highest common factor of w and 2.
2
Let j = -12 + 42. Let w be 3/2*j/9. Suppose -15 = -w*n + 4*n. Calculate the greatest common factor of 15 and n.
15
Let m = 34 + -20. Let r be (0 - (-7)/m)*(27 - -1). Calculate the highest common divisor of 42 and r.
14
Let l be (-12)/(-16) - (-481)/4. Suppose q - 11 = -0. What is the greatest common factor of q and l?
11
Let y be 8/36 + (-500)/(-18). Suppose -8*o - 144 = -0*o. Let g = o + y. Calculate the greatest common divisor of g and 90.
10
Let s = 1837 - 1617. Calculate the highest common divisor of 15 and s.
5
Let w = -70 - -77. Let u be ((42/12)/w)/(2/40). Calculate the highest common factor of 15 and u.
5
Let n = 1340 + -856. What is the greatest common factor of n and 44?
44
Let q be (-1 - 47)/(-9*(-10)/(-60)). What is the greatest common divisor of q and 352?
32
Suppose 3*w + 5 - 29 = 0. Let v(d) = 65*d**2 - 10*d - 11. Let h be v(-1). What is the greatest common factor of w and h?
8
Let d(r) = -2*r + 6. Let l be d(5). Let m = 24 + l. Suppose -5*v + 2*u + 50 = 0, -2*u + 0*u = 2*v - m. What is the greatest common factor of 20 and v?
10
Let o be 15*12 + 0/(-6). What is the greatest common divisor of o and 20?
20
Let y = 17 + -15. Suppose -y*x = -343 + 55. Suppose -n - 4*n - 4*w + x = 0, n - 20 = -3*w. Calculate the greatest common divisor of n and 288.
32
Let r = 13 - 11. Suppose -4*q + 11 = 5*j, 0 = 3*j - 0*q + 3*q - 9. Let m = j - -3. Calculate the greatest common divisor of m and r.
2
Suppose 0 = 3*y - 0*y - 18. Let q = 11 + -6. Suppose -4*u + 3*r + 204 = 0, -2*u - r + 92 = -q*r. Calculate the greatest common divisor of u and y.
6
Suppose 0 = -3*s + 2*w + 2706, -w + 1050 = s + 148. Calculate the greatest common factor of 82 and s.
82
Suppose 0 = -r - 3, -5*b + 4*r + 684 = -4*b. Suppose -16*d = -9*d - b. Suppose 0 = -a + 6*a - 60. What is the greatest common factor of a and d?
12
Let w(t) = -t**2 + 17*t - 15. Let r be w(16). Let x(l) = 151*l**2 + 2*l. Let c be x(r). What is the greatest common divisor of c and 17?
17
Suppose 3*r + 19 = 3*n - 8, -r - 5 = 0. Suppose 3*x + 3*a - 50 = 2*a, 0 = 4*x + n*a - 72. What is the greatest common factor of 48 and x?
16
Suppose 5021 = 10*a + 1061. What is the highest common factor of 24 and a?
12
Let f = 518 - 450. What is the greatest common factor of 153 and f?
17
Let f(l) = 39*l - 94. Let r be f(6). What is the greatest common divisor of 56 and r?
28
Let w = 40 - 28. Suppose 3*h + 3 = 39. What is the greatest common factor of w and h?
12
Let u be 5/5*((-4)/2 - -2). Let d be (u + 3)/18 + (-195)/(-18). Calculate the highest common factor of 99 and d.
11
Let r(v) = v**2 - 17*v + 11. Let k be r(16). Let u = k + 33. What is the greatest common divisor of 196 and u?
28
Let h be (46/(-161) + (-88)/(-14))*6. What is the highest common divisor of h and 8?
4
Let l(j) = 3*j - 6. Let s be l(6). Suppose 0 = -7*a + 4*a - 15, c = 5*a + 60. Suppose -38*k + c*k = -252. What is the highest common factor of s and k?
12
Let y(t) = 3*t**3 + 154*t**2 + 49*t - 72. Let o be y(-51). What is the highest common divisor of 10 and o?
10
Let y(a) be the third derivative of -a**4/24 + 2*a**3/3 - 35*a**2. Let c be y(-14). Let j be (-182 - -2)*3/(-6). What is the greatest common factor of c and j?
18
Suppose 0 = -34*m - 431 + 12705. Calculate the greatest common factor of m and 19.
19
Suppose -8*f = -3*f - 225. Suppose 3*m - 25 = -2*l, m + 4*l = -76 + 81. Calculate the greatest common divisor of f and m.
9
Let j(k) = k**2 + 13*k + 37. Let t be j(-17). Let h be ((-4)/(-12))/(1/t). What is the highest common factor of h and 14?
7
Suppose -9 - 21 = -5*y. Suppose -j + l - 6*l = 9, -5*j - 2*l = -24. Calculate the greatest common divisor of j and y.
6
Let v = -21 + 22. Let x = v + 11. Let j be ((-1)/(-2))/(2/384). What is the highest common factor of j and x?
12
Suppose 0*k - k + 64 = 0. Let v(q) = 34*q**2 + 236*q - 10. Let z be v(-7). Calculate the highest common factor of k and z.
4
Suppose -y = -m + 9, 2*m - 5*y = -m + 37. What is the highest common factor of m and 164?
4
Let k = 8 - -76. Calculate the greatest common factor of k and 36.
12
Let r = -494 - -919. What is the greatest common divisor of r and 17?
17
Let r(g) = g**2 + g + 39. Let w be 4/20 + (-2)/10. Let j be r(w). Suppose -3*d + 93 - j = 0. What is the greatest common factor of d and 198?
18
Let w = 2 + 1. Suppose -5*r - 180 = -3*i, 0*i + 60 = i - w*r. Suppose 0*c - 12 = -2*q - 4*c, -c = 3. Calculate the greatest common factor of q and i.
12
Let k be ((-222)/(-9) - 5)/(2/(-6)). Let c = k - -82. Calculate the greatest common factor of 23 and c.
23
Suppose -47 + 23 = -12*t. What is the greatest common factor of t and 32?
2
Suppose 8*y - 11*y = -417. Let x = y + -104. Calculate the greatest common divisor of x and 245.
35
Let p(l) = l**3 + 5*l**2 - 5*l - 1. Let h be p(-4). Suppose -14*s - 783 = -2253. What is the greatest common divisor of s and h?
35
Suppose 3*n - 3*k = -69, -n - k = -3*n - 50. Let m = 36 + n. Calculate the highest common factor of m and 27.
9
Let r be 218/5 - ((-42)/30 - -1). Calculate the highest common divisor of 220 and r.
44
Suppose w - 70 = -w. Suppose 4 = 4*r, -2*o + 4*r = -69 - 35. Let s = o - 40. Calculate the highest common divisor of w and s.
7
Suppose 497*a - 505*a + 2088 = 0. Calculate the greatest common factor of a and 145.
29
Let z be -1 + (0 - 3)*1. Let k be (-354)/z - (-2)/(-4). What is the greatest common factor of k and 22?
22
Suppose -42 = -0*a - 2*a. Suppose 0 = -74*x + 65*x + 81. Suppose x*i + a = 12*i. Calculate the greatest common divisor of i and 14.
7
Let w be (-6 - -3 - (-1 + 3))*-8. Let n be 4 + -2 + (11 - 3). What is the greatest common factor of w and n?
10
Let y = -99 + 183. What is the highest common divisor of 126 and y?
42
Let r be (276/(-46))/((-2)/6 + 1). Let y(t) = t**3 + 9*t**2 - t - 7. Let d be y(r). Calculate the greatest common factor of d and 3.
1
Suppose -4*p = -4*i - 64, 3*p - 22 = -4*i - 9. Let c(h) = -58*h - 1. Let w be c(-1). Let o = w - 35. Calculate the greatest common factor of p and o.
11
Let i = 17 + -17. Suppose -p - 88 = -4*s + 4*p, i = 5*s - p - 89. Suppose 4*a = j + 66, -5*j = 2*a - 16 - 28. What is the greatest common divisor of s and a?
17
Suppose 7*h - 19*h + 4836 = 0. Let k = h - 158. What is the highest common divisor of k and 98?
49
Suppose 0 = -5*n - 3*m + 179, 3*m + 16 = 25. What is the greatest common factor of 442 and n?
34
Suppose 2*s = 6*s - 40. Let f = -47 - -55. Suppose v = f*v - 350. What is the greatest common factor of v and s?
10
Let x be (-1)/((-2)/(6 + 0)). Calculate the highest common factor of 3 and x.
3
Let p(y) = -6*y + 0 - 2 + 4. Let f be (6/(-21) + 10/(-14))*2. Let q be p(f). What is the highest common divisor of q and 14?
14
Let z be (8/16)/(2/32). Let x = z - 28. Let r = 25 + x. Calculate the greatest common factor of 2 and r.
1
Suppose 8*w - 7*w - 111 = 3*t, 5